 = 4*g. Is d(v) a prime number?
True
Let l = 24973 + -26096. Suppose 0 = -0*m + 2*m + 5*t - 4538, 11364 = 5*m + 3*t. Let d = m + l. Is d a composite number?
False
Suppose 3*v + f = 266, 4*v = 177*f - 179*f + 358. Let l = -7559 - -13915. Suppose 83*h + l = v*h. Is h a composite number?
True
Suppose 4*t = 4*b - 140, -2*b - 2*b + 142 = -3*t. Let g = -8 + b. Let h = 48 - g. Is h composite?
False
Let z(m) = -5*m**3 + 2*m + 1. Let c be z(-3). Suppose -c*v = -131*v + 2179. Is v a prime number?
True
Let f = 24462 - -751. Is f prime?
False
Let o(x) = -x**3 + 7*x**2 - 11*x + 5. Let y(n) = 3*n**3 - 21*n**2 + 34*n - 16. Let l(p) = -7*o(p) - 2*y(p). Let w be l(5). Is 11436/w*(-14)/21 prime?
True
Suppose 3*o = 0, 4*y - 26564 = -31*o + 28*o. Is y prime?
False
Suppose 4*f - 2*v + 7*v - 630 = 0, -459 = -3*f + 3*v. Let o = 0 + f. Suppose o = 3*u + 2*m, 233 = -0*u + 5*u - 3*m. Is u composite?
True
Let m(l) = -1029*l - 5564. Is m(-15) composite?
False
Suppose -5*w - 21 = 3*r, 39 = -5*w + r + 2*r. Let z be (-169 - -166) + (-1 - -2). Is w + 415 - (0 + z) a composite number?
True
Is (1 - 12/10)/(55/(-96293725)) a prime number?
True
Suppose -16*q = -4*q + 38508. Let k = -1171 - q. Is k prime?
False
Suppose -q + 899 = -0*q. Let k = q - 606. Is k*3*3/9*1 composite?
False
Let a be 2 + ((-73610)/(-110) - (-4)/(-22)). Suppose u - 574 = -3*o, 279 + a = 5*o + 5*u. Let j = 745 - o. Is j prime?
False
Let z = 7998 + -7763. Is z a prime number?
False
Let t(p) = 6*p**2 + 41*p + 92. Let l be t(-29). Suppose -25*o + l = -14*o. Is o a composite number?
False
Let t = -3 + -34. Let u = t - -40. Suppose 0 = -u*b - 3243 + 9090. Is b a composite number?
False
Let y(b) be the first derivative of -b**2/2 - 16*b + 1. Let f be y(-10). Is (2 + -1)*(-670)/(f - -4) a composite number?
True
Let c = -283992 + 418409. Is c a prime number?
True
Let a(r) be the second derivative of -r**5/20 - r**4/6 + r**3/3 + 13*r**2/2 - 8*r - 2. Suppose -3*q - 3*v = 39, -q = -v - 4 + 7. Is a(q) a composite number?
True
Let z(q) = q**2. Let d(n) = 8*n**2 - 2*n - 10. Let j(r) = d(r) - 5*z(r). Let w be (808/505 + 22/(-20))*(23 - 1). Is j(w) a prime number?
True
Let b(h) = 199905*h - 908. Is b(5) composite?
False
Let n(k) be the second derivative of 0 + 17/2*k**2 - 9*k + 19/12*k**4 + 3*k**3 + 1/20*k**5. Is n(-15) composite?
False
Let l(q) = -q**3 + 4*q**2 - 26*q - 34. Suppose c + 20 + 1 = -2*n, 5*n = 3*c + 63. Is l(c) composite?
True
Suppose 1904557 = 66*k - 3303520 - 5506033. Is k composite?
True
Is (-1406)/(-133) + -10 - 343118/(-14) prime?
True
Is (-4)/8*(-32444 - -10) prime?
True
Let v be (3/2)/(11/(-12298)). Let b(j) = -85*j**2 - 3*j - 4. Let w be b(-3). Let c = w - v. Is c a prime number?
False
Let l(t) = 3*t**3 - 18*t**2 + 57*t + 9. Let p = 249 - 241. Is l(p) a prime number?
False
Suppose -v - 4*j = -16, 3*j = -9*v + 14*v - 11. Suppose 0 = 3*a - l + 5*l - 28373, 2*a + v*l - 18922 = 0. Is a a composite number?
True
Let g = -4155 + 1843. Let z = g - -4866. Is z composite?
True
Is (8 - 52/6)*6038073/(-6) composite?
False
Let n be 1 - (-3)/15*(-2 - 13). Is 26/(-8)*n*(-18 - -344) composite?
True
Is 2/(-2)*(-4835145)/15 a composite number?
True
Suppose -l = -3086 - 715. Suppose 2*u = -2*b + 2, -34*b + 37*b - 18 = 2*u. Suppose -b*i = -i - l. Is i prime?
False
Suppose 2*g = -3*g + v - 13, 3*v = 3*g + 3. Is (-5297)/g*144/48 prime?
True
Let y(k) = 242844*k - 1117. Is y(4) prime?
True
Is 14/28*-18 + 19*12853 a composite number?
True
Let f(q) = 91*q - 10466. Is f(168) a prime number?
False
Suppose -2*j - 111 - 143 = 0. Let i = -122 - j. Suppose 0 = 2*a - i*a + 4701. Is a a prime number?
True
Suppose 0 = -4*i, -4*o + i + 4*i + 1780276 = i. Is o prime?
True
Suppose t = 6 - 2. Suppose 11*a + 924 = 19129. Suppose -a = -q - t*q. Is q prime?
True
Suppose 2*f = 2*z + 502728, z - 162805 = -f + 88577. Is f composite?
True
Suppose -16920905 = -110*g - 95*g. Is g a composite number?
True
Let q be (17 - 18)*(-1 - 1). Suppose -75 = -q*h + 761. Suppose 4*i - h = 2*i. Is i prime?
False
Let j be (1 + 5)/(10/(-20)). Is (3 - 1896)*(8/j - 1) composite?
True
Let w be (-9)/(-2)*80/(-6) - -3. Let g = 55 + w. Is (25785/54)/(((-3)/g)/3) composite?
True
Let k(j) = -5*j - 23*j - 43 - j**2 + 10*j. Let f be k(-15). Suppose -2*x = -8, -2*m + f*x + 587 = 3*m. Is m composite?
True
Let d(t) = -4505*t**3 - 48*t - 152. Is d(-3) a prime number?
False
Suppose 3*o + 14 = 3*a + 4*o, -21 = -2*a - 3*o. Let j(s) = -5 - a*s + 10 + 21*s**2 + 2*s**2 + 2*s. Is j(-7) prime?
False
Let k = -89 + 93. Suppose -5314 - 3298 = -k*f. Is f a composite number?
False
Let b(x) = -x**2 - 12*x + 30. Let w be b(-14). Suppose 42 = -w*a + 38. Is 2/(a/(-445)*5) a composite number?
False
Suppose -w + 158505 = -z, -2*z = 3*w - 21988 - 453567. Is w a prime number?
False
Suppose 5*l = -i + 1813638, 3*i + 1344078 = 3*l + 6785136. Is i a prime number?
False
Let j(l) = 413008*l**3 - 18*l**2 + 20*l - 1. Is j(1) composite?
False
Let p(z) be the first derivative of -z**3 + 4*z**2 + 16*z - 12. Let g be p(-7). Let l = 24 - g. Is l a prime number?
True
Let u = 128 + -134. Is u + (5 - -3) - (0 + -7815) a prime number?
True
Let d be 7/(126/40) - 22/99. Is 5 + (4 - -6796 - d) a composite number?
False
Suppose 11*z - 9*z + 1086031 = w, 5*w = -z + 5430155. Is w a composite number?
False
Let q = 1011 - 43. Let b be (-1 + q/12)*3. Suppose -b = -o + 288. Is o a prime number?
False
Let n(f) = -741*f + 4. Let p(w) = w**2 + 4*w + 7. Let b be p(-3). Suppose -b*y + 2*c - 2 = 4, -2*y = 2*c. Is n(y) a prime number?
False
Let b = 47 + -11. Let s = -41 + b. Is (s/2)/(((-55)/70)/11) a prime number?
False
Suppose 16*h = -5*h + 966. Suppose -22*l = -h*l + 40488. Is l composite?
True
Let c(x) be the second derivative of 71*x**4/6 + x**3/3 + 29*x**2/2 + 68*x. Is c(7) a prime number?
True
Let y(m) be the third derivative of 43*m**8/5040 - m**7/2520 + 7*m**6/720 - 5*m**5/12 + 11*m**2. Let w(u) be the third derivative of y(u). Is w(-4) composite?
False
Let p(q) = -340*q**3 - 7*q**2 - 3*q + 59. Is p(-6) composite?
True
Let q(y) = -219588*y**3 - 3*y - 1. Is q(-2) composite?
False
Let p be ((1 - 2)/(-1))/((-2)/(-19310)). Let n = p + -5177. Suppose 3*l - 5*h - 3331 = -h, 4*l + 2*h = n. Is l composite?
False
Let n(t) = -t**2 - 4*t + 10. Let o be n(2). Let w be o + (5 - (1 - 4)). Is 1155/w - (-6)/4 composite?
True
Let b be (-6)/39 - (6752466/(-78))/7. Let p = b + -4014. Is p a composite number?
False
Let v be -1 - (-2 - 2) - -2. Let t(m) = 197*m - 86. Let l(k) = -131*k + 57. Let g(c) = v*t(c) + 7*l(c). Is g(10) a prime number?
False
Is (18/5)/(20/32100) + (-20)/4 a prime number?
False
Let c(d) = 370*d + 21. Let x be c(-5). Let j = -245 - x. Suppose j + 1821 = 3*r. Is r composite?
True
Suppose 138*x = 136*x + 6094. Suppose -x = -6*c + 199. Is c a prime number?
True
Let x(p) = 29*p**3 + 14*p**2 - 28*p + 7. Is x(18) composite?
True
Is 965665/3*216/120 a prime number?
False
Let l(b) = 2*b - 32. Let s be l(22). Let p be 7/((-14)/(-36)) + s/4. Suppose -26*a + p*a = -6835. Is a prime?
True
Is 3*(-7 + 160/24)*-16733 prime?
False
Let g(k) = 11101*k - 3276. Is g(59) a composite number?
False
Let f(z) = -z**3 + 12*z**2 - 13*z + 8. Let s be f(10). Let a = -1 + s. Is a composite?
True
Let v(h) = 132*h**3 - 4*h**2 - 110*h + 561. Is v(5) prime?
True
Suppose -20*a + 13*a - 34*a = -218653. Is a composite?
False
Is 10/(-8) + 37685829/724 a composite number?
False
Let v(t) = 194*t**2 - 5*t - 84. Let z be v(-7). Suppose -16278 - z = -5*l. Is l a composite number?
False
Let p(g) = g**3 + 10*g**2 + 27*g + 19. Let y be p(-6). Is (24066 - -13) + (y - -2) prime?
False
Let j(q) = -6*q**3 + 6*q**2 - 5*q - 47. Let i(n) = 2*n**3 + n**2 + 2*n. Let u(r) = 2*i(r) + j(r). Is u(-18) composite?
True
Suppose -2*f = o - 500307, 5*f - 679*o = -684*o + 1250750. Is f composite?
True
Let m = 26433 - 7594. Is m a composite number?
False
Let r(x) = -2564*x**3 + 5*x**2 + 13*x + 5. Is r(-3) composite?
False
Is 1/(0 + 1)*(74962 - -415) composite?
False
Let g = -40 + 45. Suppose -417 = 4*s - t, 0 = -g*t + 29 - 4. Let m = s - -1224. Is m composite?
True
Let b(l) = 2620*l + 157. Let c(q) = 655*q + 39. Let t(n) = -2*b(n) + 9*c(n). Is t(6) a composite number?
False
Suppose -31*i = -8*i - 2236313. Is i prime?
True
Let c = 5742604 + -3244052. Suppose c = 38*j + 18*j. Is j a 